
3
Evaluate (-12261 - -12237) + 1 + 58.
35
Evaluate -3 - (-7 - 9) - (1 + 4 - -69).
-61
Calculate 49 - ((83 - 7) + -39).
12
What is 14 - (-38 + 10) - 65 - -38?
15
Evaluate 12 - -2 - (-22 - -1 - (-30 - -3)).
8
What is -22 - (-236 + 111) - (1 + 15)?
87
Calculate 1 + -62 + ((-64 - -50) + (-5 - -26) - 7).
-61
Calculate (-7 - (-16 - 21 - -28 - (-6 + -2))) + -106.
-112
Evaluate 10 + (-848 + 829 - (-2 - 22)).
15
What is 101 + (-195 - (-12 + -73))?
-9
What is -54 + -18 + 0 + 16 + -1?
-57
What is 73 + -23 + -16 - (1 - -1 - (5 + -2))?
35
12 - (0 + 1) - (-12 + -24 + (-27 - -45))
29
Evaluate -2 + (-28 - -36 - (-6 + (2 - 1) + 72)).
-61
-26 + 38 + (-4 - 0) + -9 + -31
-32
What is the value of (3 - (3 - 4)) + -468 + 457 + (-48 - -1)?
-54
Evaluate 4 + (22 - (-7 + 5 - (-1 - 12))).
15
What is (70 - -78) + -77 - 110?
-39
12 - (24 - -45 - -39)
-96
What is the value of 100 + -53 - 111 - -75?
11
What is -18 + 116 - 35 - 45 - (-1 - 23)?
42
-90 - (44 + -115) - (-3 + 1)
-17
What is the value of 23 - -74 - (440 - 385)?
42
(6 - -2) + -9 + (-4 - (-35 + 14 + 6))
10
What is the value of -47 + -2 - (43 + (-39 - -19) + -21)?
-51
-9 + 0 + (74 - 117)
-52
Evaluate 28 + (75 - 61) + -107.
-65
What is the value of 151091 + -151030 + 1 + -11 + (1 - 2)?
50
Evaluate (42 + -57 - -28) + -21 + 1.
-7
-2 + 3 + (-44 - (-32 + 24)) - (6 + 3)
-44
What is (49 - 16) + -18 - (3 - -4 - -2)?
6
-206 - -258 - (-24 + (11 - 13))
78
Calculate -1 - (-3 + 7 - ((-3 + 5 - -3) + 4)).
4
What is -37 - -38 - (7 + -67 + (5 - 6))?
62
What is 62 + 10 + -10 + (5 - (3 - 4)) + -5?
63
Calculate (-18 - 32) + (61 - 40).
-29
Evaluate -4 + (-4 - 29) + (2173 - 2170).
-34
-10 - (-49 + (47 - 22))
14
Evaluate 4 + (75 - 55 - (-14 - 0)).
38
Evaluate (41 + -44 - (1 + (-9 - -4))) + -6.
-5
Calculate 74 + -63 + (-3 - -11 - 11) + 77.
85
Calculate 105 - (-3 - -3) - (-26 - (-21 + 6)).
116
Calculate (-36 + -37 + 10 - -84) + (-1 - -100).
120
Evaluate -91 + 70 + 21 + -26.
-26
(2 - -2) + (-92 - -88) - (41 + -1)
-40
What is -15 + (5 - -8) + -15 + 5 + -12 + 61?
37
Calculate -174 - -127 - (9 - -1 - -26).
-83
What is the value of -22 + (6 - -32) + (-2 + (-10 - -14) - 96)?
-78
-80 + 170 + -22 - 147
-79
Calculate (-1 - (13 - 22)) + -10 - -4 - (-2 + 30).
-26
-5 + 2 + 4 + -117 - (19 + 8 + -40)
-103
What is (-34 - (5 + (-16 - -7))) + 17?
-13
What is the value of 42 + (-26 - -13) + (-65 - 13)?
-49
What is the value of 25 + -36 - (-38 + -1) - 12?
16
Calculate -81 + (-51 - -126 - -82).
76
Evaluate 1 - (-2 + 11) - (38 + 56 + (-1 - 33)).
-68
Evaluate (24 - 6) + 16 + -15 + 1.
20
Evaluate -3 + 3 - ((-2 - -1) + (-128 - -119)) - 114.
-104
What is 12 - ((15 + (-8 - 8) + 11 - 12) + -28)?
42
What is the value of -2 + (-10 - (6 + -2))?
-16
52 + -36 - (5 + (10 - 48))
49
What is -36 + 18 + -32 - (7 - 5 - (-4 - -5))?
-51
-746 + 708 + (2 + 2 - (-8 + 6))
-32
What is the value of 830 + -884 - (-36 - 4)?
-14
What is -3 + -12 - (-44 - -38) - -25?
16
What is (-57 - (-12 - 48)) + -1 + 13 + -17?
-2
What is the value of 221 + -151 + -12 - (-2 - (2 - 10))?
52
(18 - 9) + 14 + (-2 - 6 - -2)
17
Evaluate (-5 - 14 - -4) + 1 - (69 - 80).
-3
-15 + -1 + 64 - 57
-9
-59 + 122 + -156 + -2 + 12 + 5
-78
1 + 32 + 0 + -350 + (-393 - -756)
46
2 + -18 + 2 - (2 - (92 - 20) - 67)
123
-6 + -67 - 13 - (2 + (3 - 21))
-70
Evaluate -3605 - -3666 - (1 + 98).
-38
What is (-12 - 104) + 4 + -10 + 5 - (-14 + 7)?
-110
What is the value of 6 + (4 - 12) + -17 - 34?
-53
Calculate -32 + (-79 - -69) + 73.
31
What is 23 + (-108 - -87 - -42)?
44
What is the value of (-1040 - -991) + 33 + -1 + 19?
2
What is (16 - 8 - (6 + -10 + 15)) + (-11 - -7)?
-7
Calculate 6 - (-9 - -31) - (-9 - 3 - -72).
-76
What is the value of 84 + (48 - 101) + -33 + 2?
0
What is the value of 10 - 5 - (-398 - -409)?
-6
What is the value of 49 + (7 - 29) - 53?
-26
Evaluate 59 + -88 + (-35 - (-17 + 4)).
-51
What is the value of -2 - -76 - (-46 + 78 - 4)?
46
What is (17 - -11 - 9) + 8 - (-6 + (-1 - 2))?
36
Calculate 7 + (-36 - (-17 + -17)) + 90.
95
What is 21 + 17 - (29 + 62)?
-53
What is -69 + (21 - (-69 - -74))?
-53
What is the value of -243 + (207 - (155 + -70))?
-121
Calculate 35 + (-36 - -12) + 75 + -32.
54
Evaluate -4 - (-1 - (-4 + -6 - (-12 - 1 - -6))).
-6
Calculate -22 + (43 - (19 + 3)) - ((3 - 2) + 4).
-6
What is (-8 - (10 + -31)) + (-8 - (-10 + -4)) + -81?
-62
(116 - 0 - (-707 + 707)) + -39
77
Calculate 66 - (68 + -28) - (-40 - 2).
68
Evaluate 338 + -354 + (-16 - -56).
24
Evaluate 22 + -5 - (-33 - -33 - -65).
-48
Calculate -39 + 32 - ((-82 - (2 + 11 + -20)) + -10).
78
What is 1 + 10 - -1 - (17924 + -17912)?
0
What is (-3 - 4) + (-10 - 26) + 40 + -60?
-63
14 + (-70 - (29 - 36) - 25)
-74
(-13 + 8 - -7) + -9 + (-12 + 18 - 59)
-60
What is 273 + -256 + (-38 - -1) - (29 - 11)?
-38
-28 - (8 + (31 - 65))
-2
What is -43 + -7 + 4 + -6 + 4?
-48
Evaluate 0 - (-1 - 65) - (-58 + 40 + -25 + 49).
60
What is 27 - (133 + 9 + -67 + 29)?
-77
Evaluate 1 + (-4 + 5 - 4) + (18 + -10 - 16).
-10
12 + 1 + (81 + -55 - -9)
48
Calculate (-24 + 18 + 21 - (-7 - 2)) + -14.
10
What is the value of (33 - (13 + 4) - 67) + 21?
-30
(1 - -3 - 12) + 58 + 6 + -18 + -2
36
What is 1 - (9 - (3 + (11 - 11) + -36 - -6))?
-35
-13 - (1 + 0 - (-11 - (-35 + 15 + 11)))
-16
Evaluate (100 - (14 - (9 + -31))) + 1 + (10 - 2).
73
(-5 - -8 - -31 - (-126 - -144)) + 68
84
(30 - (-34 + 65)) + -15 + 10
-6
Evaluate 43 - (-1 - -2) - (7 + 17 + -28).
46
What is the value of -39 + 17 + (14 - (-2 - -11))?
-17
What is the value of -19 - -12 - (-12 + 48 + -13)?
-30
What is 9 - ((-2 - 3) + -13 - -17)?
10
-16 + -13 + 43 + 5 + (-4 - 27)
-12
What is the value of (3 - 28) + 56 + -114 - -39?
-44
Evaluate -14 + 5 - (-26 - 12 - 24).
53
What is the value of 11 + -10 + (-8 - -12) + (0 - 50 - 10)?
-55
Evaluate (-43 - -21) + 92 + -12.
58
Evaluate -10 + 1 + (-3 - -2 - (-34 - 4) - -3).
31
Evaluate (46 - ((-23 - -20) + 6)) + -27.
16
Evaluate 67 + 26 + 57 + -118.
32
(-346 - -182) + -14 + 25
-153
What is the value of -36 + 18 + (13 - -67)?
62
What is the value of (-5 - 7 - -20) + (21 - 6)?
23
What is the value of 3 - -44 - (30 + -17 + -17) - -3 - -6?
60
What is (12 - -2) + -9 + (-136 - ((-11 - -18) + -10))?
-128
What is the value of -34 + 8 - (483 + -521)?
12
What is the value of 59 + -29 + (-2 - 38) + (1 - -65)?
56
What is the value of -131 + (120 - (110 + 34))?
-155
Calculate (13 - (-1 + 4)) + (-2 - (27 + -19)).
0
Calculate -28 + 3 - (1679 - 1741).
37
Evaluate (-6 - (-3 + 0)) + 81 + -52 + -22 - 1.
3
What is 35 - (-19 + -36 + 30 + 52)?
8
What is 99 - -1 - (-19 + -5 + (-21 - (2 - 52)))?
95
Evaluate (-3 - (-34 + 16 + 12)) + -67 - (-10 + 0).
-54
Calculate (-24 - 2) + 56 + 30 + -6.
54
What is 3 + -12 + -1 + -48?
-58
111 - 2 - (380 + -378 + (11 - (-3 - -6)))
99
16 - (11 - (11 + (-15 - -26)))
27
Evaluate -36 + (-11 - ((3 - 5 - (-10 + 1)) + -10)).
-44
What is 1 + -13 + -32 + (45 - 2) + -8?
-9
Evaluate (1315 - 1326) + 23 + 0.
12
Calculate -41 - 38 - (-51 + 5).
-33
-8 + (3 + -3 - -3) + (1425 - 1435)
-15
2 + -41 - -51 - 32
-20
Calculate -76 - -70 - (-1 + -3) - -4.
2
What is the value of -73 + 86 - (-14 - -5) - -3?
25
What is the value of (-1 - 19 - -2) + (-6574 - -6584)?
-8
What is the value of -121 + (-8 - (-8 - (-10 + 29 - (6 - -2))))?
-110
Evaluate 2 + -128 + (-1105 - -1260).
29
What is -105 - -6 - (-2 + 4 - -3) - (121 - 117)?
-108
(-102 - -50) + 40 + 85
73
What is (-20 - -32) + -5 + -23 + -59?
-75
Calculate (47 - 41) + ((-42 - 3) + 6 - (-2 + -4)).
-27
402 - 411 - (-4 - (-2 - 6) - (-3 + 85))
69
9 - ((22 - (8 - (0 + -1 + 4))) + 13)
-21
Evaluate -54 + 5 + -483 + 523.
-9
-2 + (3 - 41) + -1162 + 1162
-40
Evaluate 23 + -34 + -2 - -25.
12
What is -4 - ((40 - -58) + -107)?
5
Calculate (18 - (-28 + 42)) + -61.
-57
Calculate (8 - (10 - 1 - -33)) + 23.
-11
-6 + 38 + (21 - (-4 - -29))
28
What is 7 + (-20 + (-20 - -37) - -27)?
31
-23 + 1 + (7 - 4) - (-1222 - -1201)
2
Evaluate (-1451 - -1515) + -2 + -9.
53
Calculate (-53 - -81) + (1 - (-12 + 107)).
-66
Evaluate 48 + 14 + -51 - -20.
31
Calculate (-7 - -9) + 8 - (21 - 19) - -2.
10
Calculate -36 + 2 - (1 - (-21 - -28)).
-28
Evaluate (-32 + 21 - 2 - (1 + -14)) + -2 + 57.
55
What is (-161 - -55) + 54 + 21 + 2?
-29
What is the value of -14 + 28 + -31 + -17 + 30?
-4
What is -1 - 2 - (7 + 128 - 129 - (0 + -121))?
-130
Calculate -99 - -210 - 78 - -41.
74
What is the value of -106 - (16 + 